{"id":530,"date":"2023-11-07T14:39:26","date_gmt":"2023-11-07T14:39:26","guid":{"rendered":"https:\/\/cantandu.com.ar\/wped1\/?page_id=530"},"modified":"2024-07-08T18:49:13","modified_gmt":"2024-07-08T18:49:13","slug":"cursos","status":"publish","type":"page","link":"https:\/\/cantandu.com.ar\/wped1\/cursos\/","title":{"rendered":"Cursos"},"content":{"rendered":"\n<p class=\"has-medium-font-size\"><\/p>\n\n\n\n<p class=\"has-medium-font-size\"><p class=\"has-medium-font-size\"><br><\/p>\n<a style=\"display:none\" href=\"https:\/\/yola4dgahar.online\/\">YOLA4D SLOT<\/a>\n<a style=\"display:none\" href=\"https:\/\/stokbinaguna.ac.id\/menhan\/slot777\">SLOT777<\/a>\n<a style=\"display:none\" href=\"https:\/\/stokbinaguna.ac.id\/menhan\/slotmaxwin\">slot gacor hari ini<\/a><\/p>\n\n\n\n<div class=\"wp-block-media-text alignwide is-stacked-on-mobile is-image-fill\" style=\"grid-template-columns:38% auto\"><figure class=\"wp-block-media-text__media\" style=\"background-image:url(https:\/\/cantandu.com.ar\/wped1\/wp-content\/uploads\/2023\/11\/thought-catalog-505eectW54k-unsplash.jpg);background-position:50% 50%\"><img loading=\"lazy\" decoding=\"async\" width=\"640\" height=\"427\" src=\"https:\/\/cantandu.com.ar\/wped1\/wp-content\/uploads\/2023\/11\/thought-catalog-505eectW54k-unsplash.jpg\" alt=\"\" class=\"wp-image-537 size-full\" srcset=\"https:\/\/cantandu.com.ar\/wped1\/wp-content\/uploads\/2023\/11\/thought-catalog-505eectW54k-unsplash.jpg 640w, https:\/\/cantandu.com.ar\/wped1\/wp-content\/uploads\/2023\/11\/thought-catalog-505eectW54k-unsplash-300x200.jpg 300w, https:\/\/cantandu.com.ar\/wped1\/wp-content\/uploads\/2023\/11\/thought-catalog-505eectW54k-unsplash-174x116.jpg 174w\" sizes=\"auto, (max-width: 640px) 100vw, 640px\" \/><\/figure><div class=\"wp-block-media-text__content\">\n<h3 class=\"wp-block-heading has-text-align-left\">ED1 &#8211; Escritura para medios digitales<\/h3>\n\n\n\n<p><p>Cinco semanas para llevar un texto desde la idea hasta la publicaci\u00f3n. <br>A lo largo de este curso estudiamos herramientas de escritura, planificaci\u00f3n de textos orientados a audiencias, edici\u00f3n de estilo, principios de SEO, Analytics y WordPress, entre otros temas. <br>Todos los textos reciben devoluciones y comentarios en cada etapa del proceso. Hacia final del curso, cada participante trabaja sobre su escrito en este mismo sitio web. <br>Un curso te\u00f3rico-pr\u00e1ctico para introducirse en los fundamentos de la escritura para medios digitales y poner en pr\u00e1ctica lo aprendido en tiempo real<br><\/p><\/p>\n\n\n\n<div class=\"wp-block-buttons is-layout-flex wp-block-buttons-is-layout-flex\">\n<div class=\"wp-block-button\"><a class=\"wp-block-button__link has-background wp-element-button\" href=\"https:\/\/www.cursosatsaid.tv\/portal\/display_curso.php?n=ED1\" style=\"background-color:#558334\" target=\"_blank\" rel=\"noreferrer noopener\">Info e inscripciones<\/a><\/div>\n\n\n\n<div class=\"wp-block-button\"><a class=\"wp-block-button__link has-accent-3-background-color has-background wp-element-button\" href=\"https:\/\/www.cursosatsaid.tv\/portal\/pdfs\/ED1.pdf\">Ver programa completo (PDF)<\/a><\/div>\n<\/div>\n<\/div><\/div>\n\n\n\n<hr class=\"wp-block-separator has-alpha-channel-opacity\"\/>\n\n\n\n<div class=\"wp-block-media-text alignwide is-stacked-on-mobile is-image-fill\" style=\"grid-template-columns:38% auto\"><figure class=\"wp-block-media-text__media\" style=\"background-image:url(https:\/\/cantandu.com.ar\/wped1\/wp-content\/uploads\/2024\/01\/julia-joppien-3wygakaeQc-unsplash-scaled-e1706214949744-1024x691.jpg);background-position:50% 50%\"><img loading=\"lazy\" decoding=\"async\" width=\"1024\" height=\"691\" src=\"https:\/\/cantandu.com.ar\/wped1\/wp-content\/uploads\/2024\/01\/julia-joppien-3wygakaeQc-unsplash-scaled-e1706214949744-1024x691.jpg\" alt=\"\" class=\"wp-image-609 size-full\" srcset=\"https:\/\/cantandu.com.ar\/wped1\/wp-content\/uploads\/2024\/01\/julia-joppien-3wygakaeQc-unsplash-scaled-e1706214949744-1024x691.jpg 1024w, https:\/\/cantandu.com.ar\/wped1\/wp-content\/uploads\/2024\/01\/julia-joppien-3wygakaeQc-unsplash-scaled-e1706214949744-300x202.jpg 300w, https:\/\/cantandu.com.ar\/wped1\/wp-content\/uploads\/2024\/01\/julia-joppien-3wygakaeQc-unsplash-scaled-e1706214949744-768x518.jpg 768w, https:\/\/cantandu.com.ar\/wped1\/wp-content\/uploads\/2024\/01\/julia-joppien-3wygakaeQc-unsplash-scaled-e1706214949744-1536x1036.jpg 1536w, https:\/\/cantandu.com.ar\/wped1\/wp-content\/uploads\/2024\/01\/julia-joppien-3wygakaeQc-unsplash-scaled-e1706214949744-172x116.jpg 172w, https:\/\/cantandu.com.ar\/wped1\/wp-content\/uploads\/2024\/01\/julia-joppien-3wygakaeQc-unsplash-scaled-e1706214949744.jpg 1570w\" sizes=\"auto, (max-width: 1024px) 100vw, 1024px\" \/><\/figure><div class=\"wp-block-media-text__content\">\n<h3 class=\"wp-block-heading has-text-align-left\">ED2 &#8211; Taller de redacci\u00f3n<\/h3>\n\n\n\n<p>Seis semanas para ganar experiencia escribiendo y publicar textos propios en distintos formatos.<\/p>\n\n\n\n<p>ED2 es un curso pensado para formar redactores con la capacidad de adaptarse y trabajar al ritmo de las nuevas modalidades sin perder el espacio de formaci\u00f3n que significaban las viejas redacciones.<\/p>\n\n\n\n<p>Este curso se plantea como una continuaci\u00f3n de&nbsp;<strong>ED1 -Escritura para medios digitales<\/strong>.&nbsp;<br><\/p>\n\n\n\n<p><\/p>\n\n\n\n<div class=\"wp-block-buttons is-layout-flex wp-block-buttons-is-layout-flex\">\n<div class=\"wp-block-button\"><a class=\"wp-block-button__link has-background wp-element-button\" href=\"https:\/\/www.cursosatsaid.tv\/portal\/cursosxcat.php\" style=\"background-color:#558334\" target=\"_blank\" rel=\"noreferrer noopener\">Info e inscripciones<\/a><\/div>\n\n\n\n<div class=\"wp-block-button\"><a class=\"wp-block-button__link has-accent-3-background-color has-background wp-element-button\">Ver programa completo (PDF)<\/a><\/div>\n<\/div>\n<\/div><\/div>\n\n\n\n<hr class=\"wp-block-separator has-alpha-channel-opacity\"\/>\n\n\n\n<div class=\"wp-block-media-text alignwide is-stacked-on-mobile is-image-fill\" style=\"grid-template-columns:38% auto\"><figure class=\"wp-block-media-text__media\" style=\"background-image:url(https:\/\/cantandu.com.ar\/wped1\/wp-content\/uploads\/2023\/11\/roman-kraft-_Zua2hyvTBk-unsplash.jpg);background-position:50% 50%\"><img loading=\"lazy\" decoding=\"async\" width=\"640\" height=\"427\" src=\"https:\/\/cantandu.com.ar\/wped1\/wp-content\/uploads\/2023\/11\/roman-kraft-_Zua2hyvTBk-unsplash.jpg\" alt=\"\" class=\"wp-image-539 size-full\" srcset=\"https:\/\/cantandu.com.ar\/wped1\/wp-content\/uploads\/2023\/11\/roman-kraft-_Zua2hyvTBk-unsplash.jpg 640w, https:\/\/cantandu.com.ar\/wped1\/wp-content\/uploads\/2023\/11\/roman-kraft-_Zua2hyvTBk-unsplash-300x200.jpg 300w, https:\/\/cantandu.com.ar\/wped1\/wp-content\/uploads\/2023\/11\/roman-kraft-_Zua2hyvTBk-unsplash-174x116.jpg 174w\" sizes=\"auto, (max-width: 640px) 100vw, 640px\" \/><\/figure><div class=\"wp-block-media-text__content\">\n<h3 class=\"wp-block-heading has-text-align-left\">Seminario de redacci\u00f3n de noticias<\/h3>\n\n\n\n<p>(pr\u00f3ximamente m\u00e1s informaci\u00f3n)<\/p>\n\n\n\n<p><\/p>\n\n\n\n<p><\/p>\n\n\n\n<p><\/p>\n\n\n\n<p><\/p>\n\n\n\n<p><\/p>\n<\/div><\/div>\n\n\n\n<hr class=\"wp-block-separator has-alpha-channel-opacity\"\/>\n\n\n<div style=\"display: none;\"><a href=\"https:\/\/sahm-sau.com\/\">MACAU18<\/a><\/div>\n<div style=\"display: none;\"><a href=\"https:\/\/satudua3indo.com\/\">daftar 123indo<\/a><\/div>\n\n\n<div class=\"wp-block-media-text alignwide is-stacked-on-mobile is-image-fill\" style=\"grid-template-columns:38% auto\"><figure class=\"wp-block-media-text__media\" style=\"background-image:url(https:\/\/cantandu.com.ar\/wped1\/wp-content\/uploads\/2023\/11\/jakob-owens-CiUR8zISX60-unsplash.jpg);background-position:50% 50%\"><img loading=\"lazy\" decoding=\"async\" width=\"640\" height=\"433\" src=\"https:\/\/cantandu.com.ar\/wped1\/wp-content\/uploads\/2023\/11\/jakob-owens-CiUR8zISX60-unsplash.jpg\" alt=\"\" class=\"wp-image-540 size-full\" srcset=\"https:\/\/cantandu.com.ar\/wped1\/wp-content\/uploads\/2023\/11\/jakob-owens-CiUR8zISX60-unsplash.jpg 640w, https:\/\/cantandu.com.ar\/wped1\/wp-content\/uploads\/2023\/11\/jakob-owens-CiUR8zISX60-unsplash-300x203.jpg 300w, https:\/\/cantandu.com.ar\/wped1\/wp-content\/uploads\/2023\/11\/jakob-owens-CiUR8zISX60-unsplash-171x116.jpg 171w\" sizes=\"auto, (max-width: 640px) 100vw, 640px\" \/><\/figure><div class=\"wp-block-media-text__content\">\n<h3 class=\"wp-block-heading has-text-align-left\">NAV1 &#8211; Guion y narrativa audiovisual<\/h3>\n\n\n\n<p>(pr\u00f3ximamente m\u00e1s informaci\u00f3n)<\/p>\n\n\n\n<p><\/p>\n\n\n\n<p><\/p>\n\n\n\n<p><\/p>\n\n\n\n<p><\/p>\n\n\n\n<p><\/p>\n<\/div><\/div>\n\n\n\n<hr class=\"wp-block-separator has-alpha-channel-opacity\"\/>\n","protected":false},"excerpt":{"rendered":"<p>YOLA4D SLOT SLOT777 slot gacor hari ini Seminario de redacci\u00f3n de noticias (pr\u00f3ximamente m\u00e1s informaci\u00f3n) MACAU18 daftar 123indo NAV1 &#8211; Guion y narrativa audiovisual (pr\u00f3ximamente m\u00e1s informaci\u00f3n)<\/p>\n","protected":false},"author":1,"featured_media":0,"parent":0,"menu_order":0,"comment_status":"closed","ping_status":"closed","template":"","meta":{"footnotes":""},"class_list":["post-530","page","type-page","status-publish","hentry"],"yoast_head":"<!-- This site is optimized with the Yoast SEO plugin v27.5 - https:\/\/yoast.com\/product\/yoast-seo-wordpress\/ -->\n<title>Cursos - Redacci\u00f3n satsaid<\/title>\n<meta name=\"robots\" content=\"index, follow, max-snippet:-1, max-image-preview:large, max-video-preview:-1\" \/>\n<link rel=\"canonical\" href=\"https:\/\/cantandu.com.ar\/wped1\/cursos\/\" \/>\n<meta property=\"og:locale\" content=\"es_ES\" \/>\n<meta property=\"og:type\" content=\"article\" \/>\n<meta property=\"og:title\" content=\"Cursos - Redacci\u00f3n satsaid\" \/>\n<meta property=\"og:description\" content=\"YOLA4D SLOT SLOT777 slot gacor hari ini Seminario de redacci\u00f3n de noticias (pr\u00f3ximamente m\u00e1s informaci\u00f3n) MACAU18 daftar 123indo NAV1 &#8211; Guion y narrativa audiovisual (pr\u00f3ximamente m\u00e1s informaci\u00f3n)\" \/>\n<meta property=\"og:url\" content=\"https:\/\/cantandu.com.ar\/wped1\/cursos\/\" \/>\n<meta property=\"og:site_name\" content=\"Redacci\u00f3n satsaid\" \/>\n<meta property=\"article:modified_time\" content=\"2024-07-08T18:49:13+00:00\" \/>\n<meta property=\"og:image\" content=\"https:\/\/cantandu.com.ar\/wped1\/wp-content\/uploads\/2023\/11\/thought-catalog-505eectW54k-unsplash.jpg\" \/>\n<meta name=\"twitter:card\" content=\"summary_large_image\" \/>\n<meta name=\"twitter:label1\" content=\"Tiempo de lectura\" \/>\n\t<meta name=\"twitter:data1\" content=\"2 minutos\" \/>\n<script type=\"application\/ld+json\" class=\"yoast-schema-graph\">{\"@context\":\"https:\\\/\\\/schema.org\",\"@graph\":[{\"@type\":\"WebPage\",\"@id\":\"https:\\\/\\\/cantandu.com.ar\\\/wped1\\\/cursos\\\/\",\"url\":\"https:\\\/\\\/cantandu.com.ar\\\/wped1\\\/cursos\\\/\",\"name\":\"Cursos - Redacci\u00f3n satsaid\",\"isPartOf\":{\"@id\":\"https:\\\/\\\/cantandu.com.ar\\\/wped1\\\/#website\"},\"primaryImageOfPage\":{\"@id\":\"https:\\\/\\\/cantandu.com.ar\\\/wped1\\\/cursos\\\/#primaryimage\"},\"image\":{\"@id\":\"https:\\\/\\\/cantandu.com.ar\\\/wped1\\\/cursos\\\/#primaryimage\"},\"thumbnailUrl\":\"https:\\\/\\\/cantandu.com.ar\\\/wped1\\\/wp-content\\\/uploads\\\/2023\\\/11\\\/thought-catalog-505eectW54k-unsplash.jpg\",\"datePublished\":\"2023-11-07T14:39:26+00:00\",\"dateModified\":\"2024-07-08T18:49:13+00:00\",\"breadcrumb\":{\"@id\":\"https:\\\/\\\/cantandu.com.ar\\\/wped1\\\/cursos\\\/#breadcrumb\"},\"inLanguage\":\"es\",\"potentialAction\":[{\"@type\":\"ReadAction\",\"target\":[\"https:\\\/\\\/cantandu.com.ar\\\/wped1\\\/cursos\\\/\"]}]},{\"@type\":\"ImageObject\",\"inLanguage\":\"es\",\"@id\":\"https:\\\/\\\/cantandu.com.ar\\\/wped1\\\/cursos\\\/#primaryimage\",\"url\":\"https:\\\/\\\/cantandu.com.ar\\\/wped1\\\/wp-content\\\/uploads\\\/2023\\\/11\\\/thought-catalog-505eectW54k-unsplash.jpg\",\"contentUrl\":\"https:\\\/\\\/cantandu.com.ar\\\/wped1\\\/wp-content\\\/uploads\\\/2023\\\/11\\\/thought-catalog-505eectW54k-unsplash.jpg\",\"width\":640,\"height\":427},{\"@type\":\"BreadcrumbList\",\"@id\":\"https:\\\/\\\/cantandu.com.ar\\\/wped1\\\/cursos\\\/#breadcrumb\",\"itemListElement\":[{\"@type\":\"ListItem\",\"position\":1,\"name\":\"Portada\",\"item\":\"https:\\\/\\\/cantandu.com.ar\\\/wped1\\\/\"},{\"@type\":\"ListItem\",\"position\":2,\"name\":\"Cursos\"}]},{\"@type\":\"WebSite\",\"@id\":\"https:\\\/\\\/cantandu.com.ar\\\/wped1\\\/#website\",\"url\":\"https:\\\/\\\/cantandu.com.ar\\\/wped1\\\/\",\"name\":\"Redacci\u00f3n satsaid\",\"description\":\"El sitio de cursosatsaid.tv para los cursos de escritura\",\"publisher\":{\"@id\":\"https:\\\/\\\/cantandu.com.ar\\\/wped1\\\/#organization\"},\"potentialAction\":[{\"@type\":\"SearchAction\",\"target\":{\"@type\":\"EntryPoint\",\"urlTemplate\":\"https:\\\/\\\/cantandu.com.ar\\\/wped1\\\/?s={search_term_string}\"},\"query-input\":{\"@type\":\"PropertyValueSpecification\",\"valueRequired\":true,\"valueName\":\"search_term_string\"}}],\"inLanguage\":\"es\"},{\"@type\":\"Organization\",\"@id\":\"https:\\\/\\\/cantandu.com.ar\\\/wped1\\\/#organization\",\"name\":\"Redacci\u00f3n satsaid\",\"url\":\"https:\\\/\\\/cantandu.com.ar\\\/wped1\\\/\",\"logo\":{\"@type\":\"ImageObject\",\"inLanguage\":\"es\",\"@id\":\"https:\\\/\\\/cantandu.com.ar\\\/wped1\\\/#\\\/schema\\\/logo\\\/image\\\/\",\"url\":\"https:\\\/\\\/cantandu.com.ar\\\/wped1\\\/wp-content\\\/uploads\\\/2022\\\/09\\\/cropped-cropped-logo-2020-verti-e1663446907975-1.png\",\"contentUrl\":\"https:\\\/\\\/cantandu.com.ar\\\/wped1\\\/wp-content\\\/uploads\\\/2022\\\/09\\\/cropped-cropped-logo-2020-verti-e1663446907975-1.png\",\"width\":45,\"height\":45,\"caption\":\"Redacci\u00f3n satsaid\"},\"image\":{\"@id\":\"https:\\\/\\\/cantandu.com.ar\\\/wped1\\\/#\\\/schema\\\/logo\\\/image\\\/\"}}]}<\/script>\n<!-- \/ Yoast SEO plugin. -->","yoast_head_json":{"title":"Cursos - Redacci\u00f3n satsaid","robots":{"index":"index","follow":"follow","max-snippet":"max-snippet:-1","max-image-preview":"max-image-preview:large","max-video-preview":"max-video-preview:-1"},"canonical":"https:\/\/cantandu.com.ar\/wped1\/cursos\/","og_locale":"es_ES","og_type":"article","og_title":"Cursos - Redacci\u00f3n satsaid","og_description":"YOLA4D SLOT SLOT777 slot gacor hari ini Seminario de redacci\u00f3n de noticias (pr\u00f3ximamente m\u00e1s informaci\u00f3n) MACAU18 daftar 123indo NAV1 &#8211; Guion y narrativa audiovisual (pr\u00f3ximamente m\u00e1s informaci\u00f3n)","og_url":"https:\/\/cantandu.com.ar\/wped1\/cursos\/","og_site_name":"Redacci\u00f3n satsaid","article_modified_time":"2024-07-08T18:49:13+00:00","og_image":[{"url":"https:\/\/cantandu.com.ar\/wped1\/wp-content\/uploads\/2023\/11\/thought-catalog-505eectW54k-unsplash.jpg","type":"","width":"","height":""}],"twitter_card":"summary_large_image","twitter_misc":{"Tiempo de lectura":"2 minutos"},"schema":{"@context":"https:\/\/schema.org","@graph":[{"@type":"WebPage","@id":"https:\/\/cantandu.com.ar\/wped1\/cursos\/","url":"https:\/\/cantandu.com.ar\/wped1\/cursos\/","name":"Cursos - Redacci\u00f3n satsaid","isPartOf":{"@id":"https:\/\/cantandu.com.ar\/wped1\/#website"},"primaryImageOfPage":{"@id":"https:\/\/cantandu.com.ar\/wped1\/cursos\/#primaryimage"},"image":{"@id":"https:\/\/cantandu.com.ar\/wped1\/cursos\/#primaryimage"},"thumbnailUrl":"https:\/\/cantandu.com.ar\/wped1\/wp-content\/uploads\/2023\/11\/thought-catalog-505eectW54k-unsplash.jpg","datePublished":"2023-11-07T14:39:26+00:00","dateModified":"2024-07-08T18:49:13+00:00","breadcrumb":{"@id":"https:\/\/cantandu.com.ar\/wped1\/cursos\/#breadcrumb"},"inLanguage":"es","potentialAction":[{"@type":"ReadAction","target":["https:\/\/cantandu.com.ar\/wped1\/cursos\/"]}]},{"@type":"ImageObject","inLanguage":"es","@id":"https:\/\/cantandu.com.ar\/wped1\/cursos\/#primaryimage","url":"https:\/\/cantandu.com.ar\/wped1\/wp-content\/uploads\/2023\/11\/thought-catalog-505eectW54k-unsplash.jpg","contentUrl":"https:\/\/cantandu.com.ar\/wped1\/wp-content\/uploads\/2023\/11\/thought-catalog-505eectW54k-unsplash.jpg","width":640,"height":427},{"@type":"BreadcrumbList","@id":"https:\/\/cantandu.com.ar\/wped1\/cursos\/#breadcrumb","itemListElement":[{"@type":"ListItem","position":1,"name":"Portada","item":"https:\/\/cantandu.com.ar\/wped1\/"},{"@type":"ListItem","position":2,"name":"Cursos"}]},{"@type":"WebSite","@id":"https:\/\/cantandu.com.ar\/wped1\/#website","url":"https:\/\/cantandu.com.ar\/wped1\/","name":"Redacci\u00f3n satsaid","description":"El sitio de cursosatsaid.tv para los cursos de escritura","publisher":{"@id":"https:\/\/cantandu.com.ar\/wped1\/#organization"},"potentialAction":[{"@type":"SearchAction","target":{"@type":"EntryPoint","urlTemplate":"https:\/\/cantandu.com.ar\/wped1\/?s={search_term_string}"},"query-input":{"@type":"PropertyValueSpecification","valueRequired":true,"valueName":"search_term_string"}}],"inLanguage":"es"},{"@type":"Organization","@id":"https:\/\/cantandu.com.ar\/wped1\/#organization","name":"Redacci\u00f3n satsaid","url":"https:\/\/cantandu.com.ar\/wped1\/","logo":{"@type":"ImageObject","inLanguage":"es","@id":"https:\/\/cantandu.com.ar\/wped1\/#\/schema\/logo\/image\/","url":"https:\/\/cantandu.com.ar\/wped1\/wp-content\/uploads\/2022\/09\/cropped-cropped-logo-2020-verti-e1663446907975-1.png","contentUrl":"https:\/\/cantandu.com.ar\/wped1\/wp-content\/uploads\/2022\/09\/cropped-cropped-logo-2020-verti-e1663446907975-1.png","width":45,"height":45,"caption":"Redacci\u00f3n satsaid"},"image":{"@id":"https:\/\/cantandu.com.ar\/wped1\/#\/schema\/logo\/image\/"}}]}},"jetpack_sharing_enabled":true,"_links":{"self":[{"href":"https:\/\/cantandu.com.ar\/wped1\/wp-json\/wp\/v2\/pages\/530","targetHints":{"allow":["GET"]}}],"collection":[{"href":"https:\/\/cantandu.com.ar\/wped1\/wp-json\/wp\/v2\/pages"}],"about":[{"href":"https:\/\/cantandu.com.ar\/wped1\/wp-json\/wp\/v2\/types\/page"}],"author":[{"embeddable":true,"href":"https:\/\/cantandu.com.ar\/wped1\/wp-json\/wp\/v2\/users\/1"}],"replies":[{"embeddable":true,"href":"https:\/\/cantandu.com.ar\/wped1\/wp-json\/wp\/v2\/comments?post=530"}],"version-history":[{"count":34,"href":"https:\/\/cantandu.com.ar\/wped1\/wp-json\/wp\/v2\/pages\/530\/revisions"}],"predecessor-version":[{"id":1214,"href":"https:\/\/cantandu.com.ar\/wped1\/wp-json\/wp\/v2\/pages\/530\/revisions\/1214"}],"wp:attachment":[{"href":"https:\/\/cantandu.com.ar\/wped1\/wp-json\/wp\/v2\/media?parent=530"}],"curies":[{"name":"wp","href":"https:\/\/api.w.org\/{rel}","templated":true}]}}